{"id":640,"date":"2021-08-04T15:38:06","date_gmt":"2021-08-04T13:38:06","guid":{"rendered":"https:\/\/staging.advokat36.de\/?page_id=640"},"modified":"2026-01-06T21:46:59","modified_gmt":"2026-01-06T20:46:59","slug":"medizinrecht-2","status":"publish","type":"page","link":"https:\/\/kanzlei-schillmann.de\/index.php\/medizinrecht-2\/","title":{"rendered":"Medizinrecht"},"content":{"rendered":"<p>[et_pb_section fb_built=&#8220;1&#8243; fullwidth=&#8220;on&#8220; admin_label=&#8220;Titel&#8220; _builder_version=&#8220;4.16&#8243; _module_preset=&#8220;default&#8220; height=&#8220;201px&#8220; bottom_divider_style=&#8220;slant2&#8243; bottom_divider_color=&#8220;#FFFFFF&#8220; bottom_divider_height=&#8220;50px&#8220; bottom_divider_flip=&#8220;horizontal&#8220; global_colors_info=&#8220;{}&#8220;][et_pb_fullwidth_header title=&#8220;Medizinrecht&#8220; admin_label=&#8220;Fullwidth Header&#8220; _builder_version=&#8220;4.16&#8243; _module_preset=&#8220;default&#8220; title_font=&#8220;||||||||&#8220; title_text_color=&#8220;#FFFFFF&#8220; title_font_size=&#8220;50px&#8220; background_image=&#8220;https:\/\/kanzlei-schillmann.de\/wp-content\/uploads\/2022\/02\/mietrecht.jpg&#8220; background_position=&#8220;bottom_right&#8220; background_blend=&#8220;multiply&#8220; custom_padding=&#8220;||55px|||&#8220; global_colors_info=&#8220;{}&#8220;][\/et_pb_fullwidth_header][\/et_pb_section][et_pb_section fb_built=&#8220;1&#8243; _builder_version=&#8220;4.18.1&#8243; _module_preset=&#8220;default&#8220; custom_padding=&#8220;||0px|||&#8220; global_colors_info=&#8220;{}&#8220;][et_pb_row _builder_version=&#8220;4.18.1&#8243; _module_preset=&#8220;default&#8220; global_colors_info=&#8220;{}&#8220;][et_pb_column type=&#8220;4_4&#8243; _builder_version=&#8220;4.18.1&#8243; _module_preset=&#8220;default&#8220; global_colors_info=&#8220;{}&#8220;][et_pb_text _builder_version=&#8220;4.18.1&#8243; _module_preset=&#8220;default&#8220; text_font_size=&#8220;21px&#8220; global_colors_info=&#8220;{}&#8220;]<\/p>\n<p><strong>Wir stehen Ihnen im Gesellschaftsrecht, Haftungsrecht, Vertragsrecht, Berufsrecht und Strafrecht zur Seite!<\/strong><\/p>\n<p>[\/et_pb_text][\/et_pb_column][\/et_pb_row][\/et_pb_section][et_pb_section fb_built=&#8220;1&#8243; admin_label=&#8220;Abschnitt long&#8220; _builder_version=&#8220;4.16&#8243; _module_preset=&#8220;default&#8220; background_color_gradient_direction=&#8220;90deg&#8220; custom_padding=&#8220;4px|||||&#8220; global_colors_info=&#8220;{}&#8220;][et_pb_row admin_label=&#8220;Mietvertragsklauseln&#8220; _builder_version=&#8220;4.16&#8243; _module_preset=&#8220;default&#8220; min_height=&#8220;100px&#8220; global_colors_info=&#8220;{}&#8220;][et_pb_column type=&#8220;4_4&#8243; _builder_version=&#8220;4.16&#8243; _module_preset=&#8220;default&#8220; global_colors_info=&#8220;{}&#8220;][et_pb_text quote_border_weight=&#8220;2px&#8220; quote_border_color=&#8220;#D93C45&#8243; _builder_version=&#8220;4.18.1&#8243; _module_preset=&#8220;default&#8220; quote_font=&#8220;||on||||||&#8220; quote_text_align=&#8220;left&#8220; quote_font_size=&#8220;18px&#8220; global_colors_info=&#8220;{}&#8220;]<\/p>\n<h1>Gesellschaftsrecht<\/h1>\n<h2>Praxiskaufvertr\u00e4ge<\/h2>\n<blockquote>\n<p><em>Sie verf\u00fcgen \u00fcber eine kassen\u00e4rztliche Zulassung, m\u00f6chten weniger Arbeiten oder sich zur ganz zur Ruhe setzen? <\/em><\/p>\n<\/blockquote>\n<p>Wir begleiten Sie gerne im Rahmen des Verkaufs ihrer Praxis. Unsere Leistung umfasst dabei sowohl die Begleitung des Nachbesetzungsverfahrens als auch die Beratung und Ausarbeitung betreffend den Kaufvertrag. Gerne kommen Sie auf uns zu. Wir besprechen mit Ihnen unverbindlich die folgenden Schritte.<\/p>\n<p>&nbsp;<\/p>\n<h2>Job-Sharing<\/h2>\n<blockquote>\n<p><em>Sie verf\u00fcgen \u00fcber eine kassen\u00e4rztliche Zulassung, m\u00f6chten weniger Arbeiten und sich in den kommenden Jahren zur Ruhe setzen?<\/em><\/p>\n<\/blockquote>\n<p>Wir beraten Sie \u00fcber die M\u00f6glichkeiten des <a href=\"https:\/\/kanzlei-schillmann.de\/index.php\/2024\/01\/13\/erstberatung-jobsharing-anwalt\/\">Job-Sharings<\/a>. Dabei kl\u00e4ren wir Sie \u00fcber die Vor- und Nachteile auf und entwerfen f\u00fcr Sie den Vertrag zur Gr\u00fcndung der Berufsaus\u00fcbungsgemeinschaft (BAG). Gerne \u00fcbernehmen wir ferner die Kommunikation mit dem Zulassungsausschuss damit f\u00fcr Sie ein reibungsloser Ablauf gesichert ist.<\/p>\n<p>&nbsp;<\/p>\n<h2>Praxisgemeinschaft<\/h2>\n<blockquote>\n<p><em>Sie m\u00f6chten die Kosten ihrer Praxis senken und sich mit einem Kollegen zusammentun?<\/em><\/p>\n<\/blockquote>\n<p>M\u00f6glicherweise ist dann die Gr\u00fcndung einer Praxisgemeinschaft der richtige Weg. Wir kl\u00e4ren Sie \u00fcber die Chancen, M\u00f6glichkeiten sowie ihre Pflichten auf. Ferner entwerfen wir einen f\u00fcr Ihre Bed\u00fcrfnisse angepassten Gesellschaftervertrag (Praxisgemeinschaftsvertrag).<\/p>\n<p>&nbsp;<\/p>\n<h1>Arzthaftungsrecht<\/h1>\n<blockquote>\n<p><em>Ihr Haus oder einer ihrer Mitarbeiter wird wegen eines Behandlungs- oder Aufkl\u00e4rungsfehlers verklagt? <\/em><\/p>\n<\/blockquote>\n<p>Wir stehen ihnen gerne im gerichtlichen Verfahren bei jeder Form von angeblichen Behandlungsfehlern zur Seite. Wir \u00fcbernehmen die Korrespondenz mit Ihrer Versicherung und stehen f\u00fcr Sie ein, ohne dass dadurch der Betrieb gest\u00f6rt wird.<\/p>\n<h1>Berufsrecht<\/h1>\n<blockquote>\n<p><em>Sie haben einen Anh\u00f6rungsbogen wegen eines angeblichen Berufsversto\u00dfes von ihrer zust\u00e4ndigen Kammer erhalten und sollen nun Stellung nehmen? <\/em><\/p>\n<\/blockquote>\n<p>Gerade bei der ersten Stellungnahme kommt es oft vor, dass unwiederbringliche Fehler gemacht werden, die sich durch das gesamte Verfahren ziehen. Frau Rechtsanw\u00e4ltin Schillmann kennt die Seite der Kammer aus eigener Praxis und wei\u00df daher wie solche Fehler verh\u00fctet werden k\u00f6nnen. Sie bespricht mit Ihnen gerne den Sachverhalt, entwirft eine Stellungnahme f\u00fcr Sie und begleiten Sie im weiteren Beschwerdeverfahren. Sollte es zu einem gerichtlichen Verfahren kommen stehen wir auch hier an Ihrer Seite.<\/p>\n<p>[\/et_pb_text][\/et_pb_column][\/et_pb_row][\/et_pb_section][et_pb_section fb_built=&#8220;1&#8243; _builder_version=&#8220;4.16&#8243; _module_preset=&#8220;default&#8220; background_color=&#8220;#303032&#8243; background_enable_image=&#8220;off&#8220; background_size=&#8220;initial&#8220; background_position=&#8220;bottom_left&#8220; width=&#8220;100%&#8220; min_height=&#8220;450px&#8220; custom_padding=&#8220;49px||0px|||&#8220; top_divider_style=&#8220;slant2&#8243; top_divider_color=&#8220;#FFFFFF&#8220; top_divider_height=&#8220;72px&#8220; top_divider_flip=&#8220;horizontal&#8220; bottom_divider_style=&#8220;slant2&#8243; bottom_divider_color=&#8220;#FFFFFF&#8220; bottom_divider_repeat=&#8220;0x&#8220; bottom_divider_flip=&#8220;horizontal&#8220; background_last_edited=&#8220;off|desktop&#8220; background_image_phone=&#8220;https:\/\/kanzlei-schillmann.de\/wp-content\/uploads\/2020\/09\/christa_profile-e1600716655661.jpg&#8220; background_enable_image_phone=&#8220;on&#8220; background_size_phone=&#8220;cover&#8220; background_position_phone=&#8220;top_center&#8220; global_module=&#8220;1417&#8243; saved_tabs=&#8220;all&#8220; global_colors_info=&#8220;{}&#8220;][et_pb_row _builder_version=&#8220;4.16&#8243; _module_preset=&#8220;default&#8220; global_colors_info=&#8220;{}&#8220;][et_pb_column type=&#8220;4_4&#8243; _builder_version=&#8220;4.16&#8243; _module_preset=&#8220;default&#8220; global_colors_info=&#8220;{}&#8220;][et_pb_team_member name=&#8220;Christa Luise Schillmann&#8220; position=&#8220;Fachanw\u00e4ltin f\u00fcr Medizinrecht&#8220; image_url=&#8220;https:\/\/kanzlei-schillmann.de\/wp-content\/uploads\/2022\/02\/christa_quadrat.jpg&#8220; _builder_version=&#8220;4.19.5&#8243; _dynamic_attributes=&#8220;link_option_url&#8220; _module_preset=&#8220;default&#8220; header_level=&#8220;h1&#8243; header_text_color=&#8220;#d8d8c5&#8243; header_font_size=&#8220;46px&#8220; body_text_color=&#8220;#FFFFFF&#8220; body_font_size=&#8220;20px&#8220; position_text_color=&#8220;#FFFFFF&#8220; position_font_size=&#8220;30px&#8220; position_line_height=&#8220;2.3em&#8220; link_option_url=&#8220;@ET-DC@eyJkeW5hbWljIjp0cnVlLCJjb250ZW50IjoicG9zdF9saW5rX3VybF9wYWdlIiwic2V0dGluZ3MiOnsicG9zdF9pZCI6IjQzOSJ9fQ==@&#8220; border_radii_image=&#8220;on|208px|208px|208px|208px&#8220; box_shadow_style_image=&#8220;preset6&#8243; global_colors_info=&#8220;{}&#8220;]<\/p>\n<ul>\n<li>Telefon: <a href=\"tel:+493091556674\">030 91 55 66 74<\/a><\/li>\n<li>E-Mail: <a href=\"mailto:mail@kanzlei-schillmann.de\">mail@kanzlei-schillmann.de<\/a><\/li>\n<\/ul>\n<p>[\/et_pb_team_member][\/et_pb_column][\/et_pb_row][\/et_pb_section][et_pb_section fb_built=&#8220;1&#8243; admin_label=&#8220;Abschnitt long&#8220; _builder_version=&#8220;4.16&#8243; _module_preset=&#8220;default&#8220; background_color_gradient_direction=&#8220;90deg&#8220; custom_padding=&#8220;0px|||||&#8220; global_colors_info=&#8220;{}&#8220;][et_pb_row admin_label=&#8220;Betriebskostenabrechnungen&#8220; _builder_version=&#8220;4.16&#8243; _module_preset=&#8220;default&#8220; min_height=&#8220;100px&#8220; global_colors_info=&#8220;{}&#8220;][et_pb_column type=&#8220;4_4&#8243; _builder_version=&#8220;4.16&#8243; _module_preset=&#8220;default&#8220; global_colors_info=&#8220;{}&#8220;][et_pb_text quote_border_weight=&#8220;2px&#8220; quote_border_color=&#8220;#D93C45&#8243; _builder_version=&#8220;4.18.1&#8243; _module_preset=&#8220;default&#8220; quote_font=&#8220;||on||||||&#8220; quote_text_align=&#8220;left&#8220; quote_font_size=&#8220;18px&#8220; global_colors_info=&#8220;{}&#8220;]<\/p>\n<p>&nbsp;<\/p>\n<h1>Vertragsrecht<\/h1>\n<h2>Lieferantenvertr\u00e4ge<\/h2>\n<blockquote>\n<p>Sie ben\u00f6tigen Unterst\u00fctzung bei der Pr\u00fcfung von Lieferantenvertr\u00e4gen oder Allgemeinen Gesch\u00e4ftsbedingungen? Sie haben Probleme mit der Lieferung wegen Nichtlieferung, versp\u00e4teter Lieferung oder der Lieferung von mangelhaften Sachen?<\/p>\n<\/blockquote>\n<p>Unabh\u00e4ngig davon ob ein Kauf- oder Werkvertrag vorliegt; wir pr\u00fcfen f\u00fcr Sie bereits bestehende Vertr\u00e4ge und AGBs auf ihre Wirksamkeit und auf die M\u00f6glichkeiten des weiteren Vorgehens bei Unstimmigkeiten. Oft sind Allgemeine Gesch\u00e4ftsbedingungen der Vertragspartner unwirksam, weil sie entweder gegen geltendes Rechts versto\u00dfen, zu unbestimmt sind oder versteckte Klauseln enthalten. Wir \u00fcbernehmen die Pr\u00fcfung solcher Vertr\u00e4ge und AGBs. Sollte es zu Streitigkeiten kommen \u00fcbernehmen wir gerne die Korrespondenz mit der Gegenseite und finden eine passende L\u00f6sung. N\u00f6tigenfalls setzen wir ihr Recht auch gerichtlich durch.<\/p>\n<p>Ferner stehen wir Ihnen auch gerne bereits im Vorfeld bei der Gestaltung neuer Vertr\u00e4ge zu Seite. Kommen Sie auf uns zu!<\/p>\n<h2>Mietvertr\u00e4ge<\/h2>\n<blockquote>\n<p>Sie haben eine mietrechtliche Streitigkeit, wollen eine Mietminderung durchsetzen, die Nebenkostenabrechnung pr\u00fcfen lassen oder die Voraussetzungen f\u00fcr Umbauarbeiten eruieren?<\/p>\n<\/blockquote>\n<p>Dann kommen Sie gerne auf uns zu! Frau Rechtsanw\u00e4ltin Konovalika ist in unserer Kanzlei Ansprechpartnerin f\u00fcr alle mietrechtlichen Angelegenheiten. Sie vertritt Sie nicht nur bei au\u00dfergerichtlichen Vergleichsverhandlungen, sondern entwirft auch Gutachten zu den m\u00f6glichen Vorgehensweisen und vertritt Sie im Notfall bundesweit vor allen Gerichten.<\/p>\n<h1>Strafrecht<\/h1>\n<blockquote>\n<p>Sie haben eine Vorladung zur Beschuldigtenvernehmung von der Polizei oder der Staatsanwaltschaft erhalten?<\/p>\n<\/blockquote>\n<p>Bereits jetzt ist die Kontaktaufnahme zu einem versierten Rechtsanwalt oberstes Gebot. Sie sollten auf jeden Fall zun\u00e4chst von ihrem Schweigerecht Gebrauch machen, sich also nicht zu den Vorw\u00fcrfen \u00e4u\u00dfern. Kommen Sie gerne auf uns zu! Wir sagen f\u00fcr Sie den Vernehmungstermin ab, fordern die Akte der Staatsanwaltschaft an und besprechen mit Ihnen das weitere Vorgehen. Falls erforderlich, fertigen wir f\u00fcr Sie eine Stellungnahme zum Sachverhalt an; im besten Fall k\u00f6nnen wir f\u00fcr Sie die Einstellung des Verfahrens erreichen. Sollte es dennoch zur Anklage kommen steht Ihnen Frau Rechtsanw\u00e4ltin Schillmann im gesamten Verfahren zur Seite.<\/p>\n<h1>Pflegegrad<\/h1>\n<blockquote>\n<p><em>Sie sind mit der Eingruppierung Ihres Pflegegrades nicht einverstanden? <\/em><\/p>\n<\/blockquote>\n<p>Wir pr\u00fcfen Ihr MDK Gutachten auf inhaltliche Fehler oder rechtliche Falschbeurteilung und pr\u00fcfen die Erfolgsaussichten f\u00fcr einen Widerspruch. Gerne begleiten wir Sie im Widerspruchsverfahren. Wir begr\u00fcnden ihren Widerspruch und \u00fcbernehmen die Korrespondenz mit der Versicherung. Notfalls stehen wir Ihnen auch bei der gerichtlichen Durchsetzung Ihrer Anspr\u00fcche zur Seite. Kommen Sie gerne f\u00fcr ein unverbindliches Vorgespr\u00e4ch auf uns zu.<\/p>\n<p>[\/et_pb_text][\/et_pb_column][\/et_pb_row][\/et_pb_section]<\/p>\n","protected":false},"excerpt":{"rendered":"<p>Wir stehen Ihnen im Gesellschaftsrecht, Haftungsrecht, Vertragsrecht, Berufsrecht und Strafrecht zur Seite!Gesellschaftsrecht Praxiskaufvertr\u00e4ge Sie verf\u00fcgen \u00fcber eine kassen\u00e4rztliche Zulassung, m\u00f6chten weniger Arbeiten oder sich zur ganz zur Ruhe setzen? Wir begleiten Sie gerne im Rahmen des Verkaufs ihrer Praxis. Unsere Leistung umfasst dabei sowohl die Begleitung des Nachbesetzungsverfahrens als auch die Beratung und Ausarbeitung betreffend [&hellip;]<\/p>\n","protected":false},"author":5,"featured_media":0,"parent":0,"menu_order":0,"comment_status":"closed","ping_status":"closed","template":"","meta":{"_acf_changed":false,"_et_pb_use_builder":"on","_et_pb_old_content":"","_et_gb_content_width":"","iawp_total_views":40,"footnotes":""},"class_list":["post-640","page","type-page","status-publish","hentry"],"acf":[],"_links":{"self":[{"href":"https:\/\/kanzlei-schillmann.de\/index.php\/wp-json\/wp\/v2\/pages\/640","targetHints":{"allow":["GET"]}}],"collection":[{"href":"https:\/\/kanzlei-schillmann.de\/index.php\/wp-json\/wp\/v2\/pages"}],"about":[{"href":"https:\/\/kanzlei-schillmann.de\/index.php\/wp-json\/wp\/v2\/types\/page"}],"author":[{"embeddable":true,"href":"https:\/\/kanzlei-schillmann.de\/index.php\/wp-json\/wp\/v2\/users\/5"}],"replies":[{"embeddable":true,"href":"https:\/\/kanzlei-schillmann.de\/index.php\/wp-json\/wp\/v2\/comments?post=640"}],"version-history":[{"count":27,"href":"https:\/\/kanzlei-schillmann.de\/index.php\/wp-json\/wp\/v2\/pages\/640\/revisions"}],"predecessor-version":[{"id":2074,"href":"https:\/\/kanzlei-schillmann.de\/index.php\/wp-json\/wp\/v2\/pages\/640\/revisions\/2074"}],"wp:attachment":[{"href":"https:\/\/kanzlei-schillmann.de\/index.php\/wp-json\/wp\/v2\/media?parent=640"}],"curies":[{"name":"wp","href":"https:\/\/api.w.org\/{rel}","templated":true}]}}